{"id":63429,"date":"2026-01-15T13:17:25","date_gmt":"2026-01-15T12:17:25","guid":{"rendered":"https:\/\/www.experimenta.es\/tienda\/?post_type=product&#038;p=63429"},"modified":"2026-04-17T10:32:49","modified_gmt":"2026-04-17T08:32:49","slug":"desconfie-del-projimo","status":"publish","type":"product","link":"https:\/\/www.experimenta.es\/tienda\/producto\/desconfie-del-projimo\/","title":{"rendered":"Desconf\u00ede del pr\u00f3jimo"},"content":{"rendered":"<div>\n<p><strong>\u00bfPor qu\u00e9 desconfiar del pr\u00f3jimo?<\/strong><br \/>\nPorque hemos confundido la simpat\u00eda con la verdad. Porque preferimos una buena historia a una experiencia inc\u00f3moda. Porque el otro ya no es un fin, sino muchas veces un medio. Porque hasta la empat\u00eda se ha vuelto mercanc\u00eda. Y porque tal vez \u2014solo tal vez\u2014 necesitemos desarmar esa red de ficciones compartidas si queremos recuperar algo aut\u00e9ntico entre nosotros. <strong>Este libro no quiere destruir certezas ajenas. Tampoco est\u00e1 escrito desde el escepticismo nihilista, sino desde la conciencia de que solo quien ha perdido la fe puede empezar a buscarla con honestidad.<\/strong><\/p>\n<p>Ghio combina rigor y curiosidad, pensamiento cr\u00edtico y humor delicado. Su estilo afilado y cercano convierte la reflexi\u00f3n en algo vivo: cada observaci\u00f3n ilumina, incomoda y entretiene al mismo tiempo. En este libro, nos invita a pensar, a dudar y a observar lo cotidiano con atenci\u00f3n, revelando aquello que solemos pasar por alto, pero que define gran parte de nuestra vida. Explora con lucidez y sentido cr\u00edtico los mecanismos que articulan nuestra vida social: la empat\u00eda como construcci\u00f3n, el autoenga\u00f1o como refugio, la mentira amable, el \u00e9xito como relato, la identidad como puesta en escena y la influencia silenciosa de la vida digital en nuestros v\u00ednculos cotidianos.<\/p>\n<p><strong>Lejos de ofrecer f\u00f3rmulas o recetas, <i>Desconf\u00ede del pr\u00f3jimo <\/i>invita a pensar.<\/strong> A desconfiar no como gesto c\u00ednico, sino como ejercicio de conciencia. A comprender que muchas de las verdades que sostenemos son fr\u00e1giles, negociadas y, en ocasiones, necesarias ficciones.<\/p>\n<p>Con cap\u00edtulos breves y un tono accesible, este libro convoca al lector a un di\u00e1logo desde la observaci\u00f3n de lo cotidiano, revelando aquello que preferimos no ver de nosotros mismos y de los dem\u00e1s.<\/p>\n<p><i>Desconf\u00ede del pr\u00f3jimo<\/i> <strong>es para quienes todav\u00eda creen que pensar implica incomodarse<\/strong>. Para quienes aceptan que desconfiar tambi\u00e9n es una forma de honestidad intelectual y que dudar tambi\u00e9n es una forma de lucidez.<\/p>\n<\/div>\n<p>&nbsp;<\/p>\n<p><span class=\"Apple-converted-space\">SOBRE EL AUTOR<br \/>\n<\/span><\/p>\n<p><strong>Marcelo Ghio<\/strong> ha dedicado su vida a observar, decodificar, traducir y volver a codificar. Su formaci\u00f3n en dise\u00f1o, comunicaci\u00f3n y gesti\u00f3n le permiti\u00f3 analizar y expresar no solo im\u00e1genes y discursos, sino tambi\u00e9n el complejo entramado de relaciones, ficciones y narrativas que construimos para sostenernos y presentarnos ante los dem\u00e1s.<\/p>\n<p>Conferencista y docente, ha recorrido aulas, talleres y auditorios; es creador del concepto Oxitobrands y autor <i>best seller<\/i> del libro <i>Oxitobrands: Marcas Humanas para un Mercado Emocional y <\/i>ha trabajado con instituciones, empresas, fundaciones y personas de edades y contextos muy distintos, en m\u00faltiples pa\u00edses. Esa diversidad le ense\u00f1\u00f3 a <b>observar la vida con mirada lateral<\/b>, a detectar las tensiones entre lo que somos y lo que proyectamos, y a comprender c\u00f3mo se tejen las ficciones individuales y colectivas que nos sostienen. Esa mirada, aguda y lateral, gu\u00eda <i>Desconf\u00ede del pr\u00f3jimo<\/i>, su primer libro de formato narrativo, donde las ideas se mezclan con la observaci\u00f3n directa y la iron\u00eda sutil.<\/p>\n<p>&nbsp;<\/p>\n<p>CONTENIDO<\/p>\n<p>Introducci\u00f3n<\/p>\n<p>Cap\u00edtulo 1. \u00a0 \u00a0 \u00a0Loas al fracaso<\/p>\n<p>Cap\u00edtulo 2. \u00a0 \u00a0 F\u00f3rmulas de \u00e9xito<\/p>\n<p>Cap\u00edtulo 3. \u00a0 \u00a0 La fe, el esfuerzo y la voluntad<\/p>\n<p>Cap\u00edtulo 4. \u00a0 \u00a0 La zona de confort<\/p>\n<p>Cap\u00edtulo 5. \u00a0 \u00a0 Lo humano y la empat\u00eda<\/p>\n<p>Cap\u00edtulo 6. \u00a0 \u00a0 No desear\u00e1s lo que otro tiene<\/p>\n<p>Cap\u00edtulo 7. \u00a0 \u00a0 Sembrar y depredar<\/p>\n<p>Cap\u00edtulo 8. \u00a0 \u00a0 La educaci\u00f3n es un mito<\/p>\n<p>Cap\u00edtulo 9. \u00a0 \u00a0 La vida (y la muerte) en formato digital<\/p>\n<p>Cap\u00edtulo 10. \u00a0 Nadie es tan bueno como dice ser, ni tan malo como comentan<\/p>\n<p>Cap\u00edtulo 11. \u00a0 \u00a0Desconf\u00ede del pr\u00f3jimo<\/p>\n<p>Ep\u00edlogo \u00a0 \u00a0 \u00a0 \u00a0 \u00a0 Miradas desde el umbral<\/p>\n","protected":false},"excerpt":{"rendered":"<p><b>Desconf\u00ede del pr\u00f3jimo<\/b><\/p>\n<p><span style=\"color: #ff0000;\"><span style=\"color: #000000;\">Autor:<\/span> Marcelo Ghio<\/span><\/p>\n<div id=\":jd\" class=\"Ar Au Ao\">\n<div id=\":j9\" class=\"Am Al editable LW-avf tS-tW tS-tY\" tabindex=\"1\" role=\"textbox\" contenteditable=\"true\" spellcheck=\"false\" aria-label=\"Cuerpo del mensaje\" aria-multiline=\"true\">\n<p><b>Nadie es tan bueno como dice ser, ni tan malo como comentan.<\/b><\/p>\n<p>Vivimos rodeados de mensajes que prometen certezas, bienestar inmediato y relaciones transparentes.<br \/>\n<i>Desconf\u00ede del pr\u00f3jimo<\/i> propone justo lo contrario: detenerse, dudar y mirar de frente la complejidad de la condici\u00f3n humana.<\/p>\n<p>&nbsp;<\/p>\n<\/div>\n<\/div>\n<ul class=\"a-unordered-list a-nostyle a-vertical a-spacing-none detail-bullet-list\">\n<li>ISBN: 978-84-19555-48-9<\/li>\n<li>Medidas: 16 x 23 cm<\/li>\n<li>P\u00e1ginas: 144<\/li>\n<li>Encuadernaci\u00f3n: R\u00fastica<\/li>\n<li>Impresi\u00f3n interior: negro<\/li>\n<li>Edici\u00f3n: 2026. Experimenta Libros<\/li>\n<\/ul>\n<p>&nbsp;<\/p>\n","protected":false},"featured_media":63435,"comment_status":"open","ping_status":"closed","template":"","meta":[],"product_cat":[9898,9963,9715,7313],"product_tag":[9864,9641,9794,9887,9786],"jetpack_sharing_enabled":true,"_links":{"self":[{"href":"https:\/\/www.experimenta.es\/tienda\/wp-json\/wp\/v2\/product\/63429"}],"collection":[{"href":"https:\/\/www.experimenta.es\/tienda\/wp-json\/wp\/v2\/product"}],"about":[{"href":"https:\/\/www.experimenta.es\/tienda\/wp-json\/wp\/v2\/types\/product"}],"replies":[{"embeddable":true,"href":"https:\/\/www.experimenta.es\/tienda\/wp-json\/wp\/v2\/comments?post=63429"}],"wp:featuredmedia":[{"embeddable":true,"href":"https:\/\/www.experimenta.es\/tienda\/wp-json\/wp\/v2\/media\/63435"}],"wp:attachment":[{"href":"https:\/\/www.experimenta.es\/tienda\/wp-json\/wp\/v2\/media?parent=63429"}],"wp:term":[{"taxonomy":"product_cat","embeddable":true,"href":"https:\/\/www.experimenta.es\/tienda\/wp-json\/wp\/v2\/product_cat?post=63429"},{"taxonomy":"product_tag","embeddable":true,"href":"https:\/\/www.experimenta.es\/tienda\/wp-json\/wp\/v2\/product_tag?post=63429"}],"curies":[{"name":"wp","href":"https:\/\/api.w.org\/{rel}","templated":true}]}}